t d = -33 + 36. Calculate the highest common divisor of 2 and d.
1
Let i = -670 + 967. What is the highest common factor of i and 27?
27
Suppose 2*p = 5*y + 32, -3*y - 39 = -3*p - 0*y. What is the greatest common factor of p and 33?
11
Let n be 0 - -1 - (-3 + -42). Suppose -g = 2*m - 3*m + 28, -180 = 5*g + 3*m. Let d = n + g. What is the highest common factor of 91 and d?
13
Let f be (-35)/(-2) - (-2)/(-4). Suppose s + 5*b + 65 = 2*s, 0 = -s - 5*b + 105. Calculate the greatest common factor of f and s.
17
Let f(i) = i + 1. Let u(j) = -3*j**2 + 6*j. Let r(k) = 2*f(k) - u(k). Let s be r(3). Calculate the highest common factor of 153 and s.
17
Suppose 2*x = 2*q + 3*x - 445, -875 = -4*q + 3*x. What is the highest common divisor of 17 and q?
17
Suppose 11*v = -2*v + 1664. What is the greatest common factor of v and 192?
64
Let r = 25 + 5. Let k(j) = -j**3 + 6*j**2 + 7*j + 3. Let a be k(7). Calculate the greatest common factor of r and a.
3
Let n(x) = -x**2 - 17*x - 39. Let k be n(-12). Calculate the highest common divisor of 147 and k.
21
Suppose 15 - 69 = -3*n. What is the highest common factor of 6 and n?
6
Let y(i) = 11*i - 5. Let l be y(3). Calculate the highest common factor of 7 and l.
7
Suppose -13*n + 252 = -7*n. What is the highest common divisor of n and 28?
14
Let u = 37 - 23. Suppose -3*s + 4*p + 51 = p, 0 = 3*s - 2*p - 48. What is the greatest common factor of u and s?
14
Let g(h) = h**3 - 5*h**2 - 5*h - 3. Let x be g(6). Suppose -x*u - 101 = -4*i + 3, -4*i - 5*u + 104 = 0. Calculate the highest common divisor of 65 and i.
13
Let z(d) = -d**2 - 9*d - 1. Let u be z(-6). What is the greatest common divisor of 153 and u?
17
Let k be (-7)/(14/(-148)) - 2. Calculate the highest common divisor of 8 and k.
8
Let d be 188/4 - (-4)/(-2). Let a be 2/(-3 - 49/(-16)). Let k = d - a. What is the greatest common factor of 65 and k?
13
Let t be (1 - 0) + -1 - -12. Let v(h) = h**2 + 5*h + 7. Let l be v(-5). Suppose -3*o = -l*o + t. What is the highest common divisor of 2 and o?
1
Let s(h) = -h**3 + 6*h**2 + 4. Let j be s(6). Suppose 15 = -5*d + 4*d + j*l, -5*d - 3 = -2*l. What is the greatest common divisor of d and 7?
1
Let u be 130/11 - (-4)/22. What is the highest common divisor of u and 24?
12
Let g = -23 + 49. What is the greatest common divisor of 65 and g?
13
Let c = -3 - -27. Calculate the highest common divisor of c and 36.
12
Let i = -35 + 77. Let h(y) = -y**2 + 7*y + 8. Let f be h(6). What is the greatest common divisor of f and i?
14
Suppose c - 5*c - 2*f = -254, 272 = 4*c - 4*f. Let h = -17 + 30. Calculate the greatest common divisor of c and h.
13
Suppose 63 = 5*r - 2*h, -2*h + h = r - 14. Calculate the highest common divisor of r and 26.
13
Suppose -738 = -2*f + 634. Let m = f + -150. Suppose -r = 2*w - 124, -r = 3*r - 2*w - m. What is the highest common factor of r and 12?
12
Let v = 32 - 22. Calculate the highest common divisor of 10 and v.
10
Suppose -52*n + 57*n = 55. Calculate the greatest common divisor of n and 88.
11
Suppose 0 = -y - 2*y - 3. Let x(f) be the third derivative of f**5/5 - f**4/24 - 3*f**2. Let a be x(y). Calculate the highest common factor of a and 91.
13
Let g(m) be the first derivative of -m**2/2 + 9*m - 5. Let q be g(6). Suppose 12 = -0*v - q*v, 3*u + 2*v = 13. What is the highest common divisor of u and 49?
7
Let w = 41 - 18. Let s = -43 + 158. Calculate the greatest common divisor of s and w.
23
Let o = 11 - 8. Let k be 10/o*(-18)/(-10). What is the greatest common divisor of 6 and k?
6
Suppose -5*w + 2*y = -103, 4*w - 3*y = 3*w + 18. Calculate the highest common divisor of w and 21.
21
Let t = -6 + 11. Suppose -4*g = -3*g - 110. Suppose -2*x + 0*x + g = 0. What is the highest common divisor of x and t?
5
Let o = 16 - 10. Let y = 15 - o. What is the greatest common factor of y and 99?
9
Let k = -38 + 137. Let u(a) = 2*a**2 - 4*a - 5. Let s be u(4). What is the highest common divisor of k and s?
11
Suppose y = 4*r - 309, 34 = 3*r - 2*y - 194. Let p be 26/4*(2 - 0). Calculate the highest common divisor of p and r.
13
Suppose -7*n = -4*n - 819. Let l = 48 + 133. Let w = n - l. What is the greatest common factor of 23 and w?
23
Let p = -14 + 22. Let t(f) = f**3 + 22*f**2 + 18*f - 23. Let r be t(-21). Calculate the highest common divisor of p and r.
8
Let b = -2 - -4. Suppose -2*g + 9 = x, -b*x + 12 = x + g. Suppose 5*u - x*a = 111, u + 4*a - 16 = 20. Calculate the highest common factor of 6 and u.
6
Let d(i) = 4*i**2 + 99 + 2*i**2 - 5*i**2. Let y be d(0). Let o = 2 + 9. Calculate the highest common factor of y and o.
11
Let v = -66 - 77. Let k = 296 + v. What is the highest common factor of k and 17?
17
Suppose -4*h = -5 - 3. Suppose 3*b - 1485 = -2*b. Let p be h/8 + b/12. What is the greatest common divisor of 10 and p?
5
Let w = -5 - -25. Suppose -3*s - s = 0. Suppose s*t + 4 = t. What is the highest common factor of w and t?
4
Let t = 3 + 3. Let o(p) = 6*p**2 - p - 1. Let f be o(-1). Calculate the highest common factor of t and f.
6
Suppose -3*o - 5*s + 97 = 0, 116 = 3*o - 2*s + 33. What is the highest common divisor of 203 and o?
29
Let o be 1/2*2 - -8. Let n = 62 + -17. Calculate the highest common divisor of o and n.
9
Let m(x) = -x**2 - 7*x - 4. Let d be m(-5). Let r = d - -2. Let a(g) = g**2 - 6*g + 1. Let k be a(r). Calculate the highest common factor of 17 and k.
17
Let z = -33 - -44. Suppose 4*x - 4*s - 354 = -5*s, 2*x - 170 = 3*s. Calculate the greatest common factor of x and z.
11
Suppose 5*w - j + 0 = 35, 2*w - 3*j - 27 = 0. Suppose 0 = -w*g + g + 5. What is the highest common divisor of g and 8?
1
Let l = -7 - -7. Let f(y) = -y + 11. Let v be f(l). Suppose 3*u = t + 265, 0 = -0*u + 2*u + 3*t - 173. Calculate the greatest common divisor of u and v.
11
Let x = 9 - 5. Suppose 5*w = x*p + 296, -3*w - 2*w + 288 = -2*p. Calculate the greatest common factor of w and 8.
8
Let w be (-234)/(-54)*1*3. Let y(k) = k**3 - 4*k**2 + 9*k - 9. Let r be y(6). Calculate the highest common factor of w and r.
13
Let w(t) = -7*t + 46. Let b be w(5). Calculate the highest common factor of b and 1.
1
Let d = 122 + -96. What is the greatest common divisor of 286 and d?
26
Suppose 0*u - 9 = -3*u. Calculate the greatest common divisor of 12 and u.
3
Suppose 4*z + 352 = 6*z. Suppose -21 = -3*f + 45. Calculate the highest common divisor of z and f.
22
Suppose 49 = 4*j + n, -j - 5*n = -19 + 2. Let v be (j/5 + -2)*75. What is the highest common factor of 6 and v?
6
Suppose 5*k + 92 = 292. Suppose k = 3*f + 7. Calculate the highest common factor of 66 and f.
11
Suppose 0 = -10*b + 11*b - 68. Calculate the greatest common factor of 34 and b.
34
Suppose o + 97 = 5*q - o, -2*o = 2*q - 50. Let v(n) = 6*n**3 + n**2 + 2*n + 1. Let r be v(-1). Let f = r - -20. Calculate the greatest common factor of f and q.
7
Let b = 19 - 11. Let o be 2 + 0 - (2 - 0). Suppose 5*m = -o*m + 80. What is the greatest common divisor of m and b?
8
Suppose k = -2*v + 5*k + 38, 3*v - 25 = -2*k. Let l be (-3 - -3 - -18)*v. What is the greatest common divisor of 22 and l?
22
Suppose 2*a = -5 + 21. Calculate the greatest common factor of 72 and a.
8
Let s be (6 - 57/4)/((-2)/16). Calculate the greatest common factor of s and 6.
6
Let o be ((5 + -3)*-186)/(-1). Let g = -262 + o. Suppose -3*w + 2*x + 28 = 0, x - 35 = -4*w + 6*x. Calculate the highest common factor of w and g.
10
Let d(p) = p**2 + 2*p - 2. Let g be d(-4). Let o = -15 + 39. Calculate the highest common divisor of g and o.
6
Suppose 0*y - 32 = -4*y. Suppose 2*u - 7 = -1. Let d be y + -2 - u - 1. Calculate the highest common divisor of 18 and d.
2
Suppose x = 3*a - 34, 4*x + 60 = 5*a - x. What is the greatest common factor of 77 and a?
11
Let v = 14 + -10. Suppose 0 = -5*a - 2*i + 328, 0 = 2*i - v - 4. Calculate the highest common factor of a and 16.
16
Let w(x) = x**3 - 8*x**2 + 8. Let a = 6 - 27. Let d = a + 29. Let v be w(d). What is the greatest common divisor of v and 8?
8
Let h(i) = 10*i**2 + 1. Let s be h(1). Suppose 0 = 3*d + 20 - 143. Suppose -a + 80 = -d. What is the highest common divisor of a and s?
11
Suppose 0 = 2*r - f + 1, -2*r + 0*f - f + 9 = 0. Calculate the greatest common divisor of r and 4.
2
Let b = -349 + 189. Let l be (66/(-4))/(15/b). What is the greatest common factor of 1